 4*l + 20. Give s(h).
-16
Let g(v) be the third derivative of v**4/6 - 27*v**3/2 - 2*v**2 - 56*v - 10. What is g(25)?
19
Let v(c) = c**3 - 3*c**2 - 4*c + 5. Let i be v(2). Let y(a) = 4*a + 6. Let m(k) = 1. Let f(l) = -3*m(l) + y(l). Determine f(i).
-25
Suppose -30*t + 5*t = -10*t - 45. Let j(y) be the third derivative of 1/6*y**4 + 13*y**2 + 0*y + 0 - 5/6*y**t. Calculate j(6).
19
Suppose y - 5*y + 2*y + 14 = 0. Let u(q) = 8*q - 50. Calculate u(y).
6
Let j be -5*(-24)/(-20) - 1/((-6)/(-60)). Let w(u) = 4*u + 43. What is w(j)?
-21
Let o be (-8)/12*2 + 100/30. Let p(u) = 1649*u**2 + o*u - 1650*u**2 + 5 + 8*u. Determine p(9).
14
Let m(r) be the first derivative of -4*r**2 + r + 1193. Calculate m(-5).
41
Let v = 38925 + -38927. Let n(h) = 4*h**2 + 5 + h - 6 + 2. Determine n(v).
15
Let s(b) = -6*b - 3. Suppose 96*o + 11 + 26 = -59. Determine s(o).
3
Let a(m) be the third derivative of -m**5/60 - m**4/24 + 13*m**3/6 - 5*m**2 - m + 109. Give a(7).
-43
Let k(j) be the first derivative of -j**5/20 + 2*j**4/3 + 2*j**2 + 73*j - 21. Let m(w) be the first derivative of k(w). Calculate m(8).
4
Let y(w) = 3*w**3 - 2*w**2 + 2*w - 2. Let b(n) = n**3 - 36*n**2 + 2*n - 3. Let c(r) = -b(r) + y(r). Calculate c(-17).
1
Let j(i) be the third derivative of 77*i**2 + 0*i + 1/6*i**3 + 1/24*i**4 + 1/15*i**6 + 0 + 1/60*i**5. Calculate j(-1).
-7
Let g(x) = 41*x - 115488 + 57773 + x**2 + 57780. Give g(-39).
-13
Suppose 3*b - 109 = -g - 31, 2*g - 2*b - 124 = 0. Let w = 68 - g. Let i(o) = 59*o - o**3 - 59*o + 3 - o**w. Calculate i(0).
3
Let b(n) be the third derivative of 11*n**4/12 + 30*n**3 + 2261*n**2. Determine b(-8).
4
Let l(f) = -41*f**2 - 21 + 139*f + 19 - 137*f. Calculate l(1).
-41
Let f(b) = -2 + 21 + 6 + 3 + 74385*b - 74382*b. Determine f(-16).
-20
Suppose -2*c = -4*z - 32, 19 = 4*c - 0*c + z. Let h(m) = -6 - c*m + 2*m + 1 + m + m. What is h(-4)?
3
Let z(a) = 2*a**2 + 3*a - 1. Let c be z(-3). Let l(f) be the third derivative of 2/3*f**3 - 33*f**2 + 1/60*f**5 - 1/3*f**4 + 0*f + 0. Give l(c).
4
Let z(b) = b**3 + 7*b**2 + 56*b + 385. Suppose -2*w + 19 = w + 5*y, -10*w - 62 = y. Determine z(w).
-7
Let p(y) = -16*y - 1505. Let i be p(-94). Let q(w) = 0*w**2 + w**2 - 3 + 1 + 3 + w. Calculate q(i).
1
Let z(k) = 8*k**2 - 19*k + 20. Let t(j) = -16*j**2 + 37*j - 39. Let s(g) = -4*t(g) - 7*z(g). Give s(1).
9
Let g(u) be the first derivative of -6*u - 68 - 1/2*u**2. Determine g(-5).
-1
Let b(d) be the first derivative of 5*d**2 - 11*d + 108 + 1/3*d**3. Determine b(-11).
0
Let i(j) be the second derivative of j**4/12 - j**3/2 - 3*j**2/2 + 9*j - 36. Calculate i(-1).
1
Suppose -5 = -43*k + 42*k. Suppose -4*r - 11 = k*v, v - r - r = -5. Let d(j) = -j**3 - 5*j**2 - 8*j - 3. Determine d(v).
3
Let m(v) = -4 - 7*v - 3*v**3 + 3*v**2 - 2*v**2 + 9. Let p = -234 + 230. Let s(h) = 4*h**3 - h**2 + 8*h - 6. Let i(t) = p*s(t) - 5*m(t). What is i(-3)?
8
Let z(f) be the first derivative of -2*f**3 + 9*f**2 - 3*f - 835. Determine z(3).
-3
Let w(b) be the third derivative of 11*b**4/24 - 19*b**3/6 - 14*b**2 - 16*b. Give w(3).
14
Let c(a) be the first derivative of a**3/3 + 3*a**2 - 6*a - 397. Let n(b) = b**2 + 11*b + 4. Let p be (-2)/8 + 39/(-4). Let h be n(p). Give c(h).
-6
Suppose 24*r - 28 = 22*r. Suppose -15*n = -r*n - 3. Let j(b) = b - 2*b + n*b**2 - 14 + 7 + 6. Give j(-1).
3
Suppose -126 = -17*l + 8*l. Let h(q) = -l*q - 4 + 43*q - 13*q - 15*q. Calculate h(3).
-1
Let y = 1377 - 1368. Suppose 2*b + 10 = 0, -2*b = 3*i - 7*b - 85. Suppose -y*u = -4*u + i. Let c(m) = -m**3 - 4*m**2 + m + 2. Calculate c(u).
-2
Let t(u) = -4*u**2 - 11*u + 8. Let h(b) = -2*b**2 - 22*b**2 - 10*b + 21*b**2 + 9. Let n(p) = -3*h(p) + 2*t(p). What is n(-9)?
-2
Let b be (-2)/((-26)/(-13)) + -1. Let g(c) = -102*c - 205. What is g(b)?
-1
Let p(r) = -3*r + 25*r - 3 - 21*r + 3*r**2 + 2*r**3 + 2*r**2. Calculate p(-3).
-15
Let q = -15528 + 15521. Let k(u) = -3 - 3 + 4 - u. Give k(q).
5
Let l(t) = t**2 - 6*t + 7. Suppose 21*c = 17*c + 16. Suppose -3*j + 2 = -h + 38, 2*j = -c*h - 10. Let b = -6 - j. What is l(b)?
2
Let q(x) = x**3 + 12*x**2 + 8*x - 13. Suppose 9*s - 28*s + 65 = 274. What is q(s)?
20
Let z(r) = 10*r**2 - 2*r - 2. Let w(g) = -91*g**2 + 26*g + 24. Let v(n) = -w(n) - 9*z(n). Calculate v(11).
27
Let i(f) = -2*f**3 - 2*f**2 + 2*f - 1. Let v(p) = 13*p**3 + 36*p**2 - 10*p + 37. Let o(d) = -6*i(d) - v(d). Calculate o(-24).
17
Let b be ((0/17)/(-4))/1. Let h(c) = 3*c - 7. Calculate h(b).
-7
Let o(f) be the third derivative of f**5/60 - 19*f**4/12 - 266*f**3/3 + 377*f**2 + 13*f. Calculate o(49).
7
Let a(f) = 68*f**2 - 881*f + 184. Let l(x) = -14*x**2 + 181*x - 37. Let n(s) = 6*a(s) + 29*l(s). Give n(19).
50
Suppose 20*j + 45 = 23*j. Let y = j - 6. Let r(s) = y*s + s + 9*s. Determine r(1).
19
Let y(v) = 30*v**3 + 2*v**2 - 5*v + 3. Let c be y(1). Let w be (-4*12/72)/(4/c). Let g(k) = k**2 + 3*k. Determine g(w).
10
Let d(i) = i**2 + i - 10. Let w be d(-4). Suppose 1 + w = k. Let j(r) = r - 1. Let o(m) = -7*m + 8. Let f(z) = -4*j(z) - o(z). Determine f(k).
5
Let c(a) be the first derivative of -5*a**2 + 50*a + 216. Determine c(6).
-10
Let a = 41 + -31. Let b(w) be the second derivative of w**6/360 - w**5/12 + w**4/4 - w**3/2 + 14*w. Let m(q) be the second derivative of b(q). What is m(a)?
6
Let b(f) = -f**2 - 6*f - 4. Suppose -7*g + 11*g = -24. Let c be b(g). Let s be 24/(-9)*c/8*-3. Let u(a) = a**2 + 2*a - 1. Calculate u(s).
7
Suppose -5*z - 3 = -53. Suppose 0 = -4*o - z + 2. Let p be (4 + -4 - o) + (-14)/2. Let j(c) = -c - 6. Give j(p).
-1
Let y be 6*8/16*5/3. Suppose y = h, 0*q + 5*h = -2*q + 31. Suppose -3*x + 4 = -2*x - z, x = q*z + 14. Let k(o) = -o - 1. Give k(x).
0
Let m(f) = 6 - 249*f - 15 - 2 + 262*f + 2 + 8. Let t(u) = u - 2. Let g be t(1). Calculate m(g).
-14
Let j(c) = -c**3 - 7*c**2 + 7*c - 3. Suppose 0 = 13*g - 8*g - m + 1909, -m = 3*g + 1147. Let a = g - -374. Give j(a).
5
Let p(q) = 42*q**2 + 5*q - 34. Let i(n) = 23*n**2 + 3*n - 18. Let z(u) = 11*i(u) - 6*p(u). Give z(-2).
4
Suppose 20*s - 382 + 162 = 0. Let x(t) = t + 6. Determine x(s).
17
Let z(w) be the second derivative of w**5/20 - w**4/4 + w**3/2 - w**2/2 - 11028*w. Determine z(1).
0
Let m(k) be the first derivative of 11/3*k**3 - 4 + 6*k**2 + 4*k + 1/4*k**4. Determine m(-10).
-16
Let i(m) = -830*m + 408*m + 418*m + 36. Determine i(7).
8
Let w(l) = 7*l + 209. Suppose 779*y - 819*y = 1160. Determine w(y).
6
Let c(j) = 5*j + 2. Let y(o) = 5*o - 381. Let m(f) = -3*c(f) + y(f). Calculate m(-39).
3
Let r(x) be the second derivative of -x**5/20 - x**4/12 - x**3/6 + x + 19. Let o(u) = 6*u**3 + 17*u**2 + 4*u - 15. Let c(s) = -o(s) - 5*r(s). Determine c(-12).
3
Let c(y) be the first derivative of y**7/840 - y**6/180 + y**5/30 - y**4/8 + y**3 + 2*y**2 - 1. Let f(b) be the third derivative of c(b). Determine f(2).
5
Let d(q) = 296*q + 12136. Let j be d(-41). Let a(o) = -o + 2*o - 2*o + 3. Determine a(j).
3
Let o be 2/9 + 13 + -1 + (-121)/99. Let u(n) = -n**3 + 13*n**2 - 11*n - 13. What is u(o)?
108
Suppose -64 = -51*f + 47*f. Suppose -28 = f*c - 20*c. Let a(x) = 4*x - 8. Let y(d) = -9*d + 15. Let w(l) = 5*a(l) + 2*y(l). Calculate w(c).
4
Let i(n) = 5*n + 41. Let p be i(-10). Let g(x) be the third derivative of x**6/120 + 2*x**5/15 - 3*x**4/8 + x**3/2 + 5*x**2 - 8*x. Calculate g(p).
3
Suppose -4 = 2*i + 8. Let m(n) = -n**3 + 2*n**2 + 13. Let g be m(0). Let y(d) = -7*d**2 - 6 - 5*d + 4*d + g*d**2 - d**3 + 2*d**3. Determine y(i).
0
Let s(i) be the third derivative of -3*i**6/5 - i**5/60 - i**4/24 - i**3/6 + 3413*i**2. Give s(-1).
71
Let m(j) = -352*j + 355. Let w be m(1). Let z(l) = 24*l - 73. What is z(w)?
-1
Let u(a) be the first derivative of -a**5/4 + a**3/6 + a**2/2 + 148*a - 150. Let z(l) be the first derivative of u(l). Determine z(-1).
5
Let i(o) = -o**3 + 14*o**2 + 16*o + 1. Let m be i(15). Let x = m + -1. Let u = x + -10. Let h(j) = -j + 7. Calculate h(u).
2
Let n be 29/4 - (-237)/(-948). Let y(x) = -2*x**2 + 15*x - 3. Give y(n).
4
Suppose -428*j + 2286 = 146. Let m(l) = -l**3 + 6*l**2 - 4*l - 3. Determine m(j).
2
Let c(f) = 108 + 2*f**2 - 3*f**2 - 780*f + 784*f. Give c(-9).
-9
Suppose -7*a - 3 = -3. Let y be (a*5/40)/(-3). Let d(q) = q**2 - q + 13. Calculate d(y).
13
Let n = 10298 - 10312. Let f(j) be the second derivative of -j**5/20 - 13*j**4/12 + 13*